+ 1. Let k(i) = i - 8. Let a be k(5). Let x = 6 + a. What is y(x)?
-9
Let m(q) = -q - 3. Let x(g) = 9*g - 2 - 4 - 2*g**2 - 4 + 3*g**2. Let k be x(-8). Let w = k + 13. What is m(w)?
2
Let p(k) = 4*k - 2. Let m(l) = -7*l + 3. Let n(j) = 2*m(j) + 5*p(j). Calculate n(-4).
-28
Let u = 2 + -2. Let f(n) be the third derivative of n**6/120 + n**5/60 - n**4/24 + n**3/6 - 3*n**2. Determine f(u).
1
Suppose -2*p + 4*y + 22 = 0, 2*p + 23 = 4*p - 3*y. Let c be 2/(-6) - p/(-3). Let h(k) = -k**2 + 2*k + 5. Give h(c).
-3
Let i(t) = 2 + 3*t - 4*t - 2 - 2. What is i(4)?
-6
Suppose -3*m + 2 = -2*m. Let v(b) be the second derivative of 0 + 5/6*b**3 - 1/12*b**4 - b**m + 3*b. Calculate v(5).
-2
Suppose -2*o - 5 + 1 = 0. Let a(q) = 2*q**2 + 19*q + 19. Let n(g) = g**2 + 9*g + 9. Let z(i) = o*a(i) + 5*n(i). Calculate z(-5).
-3
Let a(z) = 2*z**2 + 1. Let w be a(1). Let o(x) = -4 - x + 3*x**2 - x - 3*x + x**w. Suppose -4*m - 6 - 10 = 0. Determine o(m).
0
Let l(u) = -6*u - 2. Let z(s) = -13*s - 5. Let i(a) = 7*l(a) - 3*z(a). Give i(-3).
10
Let d(p) = 0 - p + 0. Let a be (-2*2)/(-4 + 6). Determine d(a).
2
Let z(y) = -5*y**2 - 3*y. Let j = -28 - -26. Give z(j).
-14
Let g(y) be the third derivative of y**8/10080 - y**7/1260 + y**6/360 - y**5/30 + 2*y**2. Let m(o) be the third derivative of g(o). Let d = -1 - -3. Give m(d).
2
Let m(q) be the first derivative of -q**4/4 + 3*q**3 - q**2/2 + 9*q + 20. Determine m(9).
0
Let s = 28 + -22. Let m(k) = k**3 - 6*k**2 - k + 8. What is m(s)?
2
Let q(s) = -s - 6. Let h(k) = -3*k - 11. Let j(t) = 2*h(t) - 5*q(t). Calculate j(8).
0
Let u(l) be the second derivative of l**3/6 - 3*l**2 - l. Suppose -z - 5 = i, -6*i - 37 = -i + z. Let p be 54/10 + i/20. What is u(p)?
-1
Let v(d) be the second derivative of d**4/12 + d**3/2 - d. Let g be (-5)/((-2)/(0 + -2)). Let i be g/1*6/15. Give v(i).
-2
Suppose -6*g = -4*g - 4. Let i(c) = -1 + 0*c - 2*c - 214*c**3 - c**2 + 216*c**3. Calculate i(g).
7
Let v(n) = 1 - n - n**2 - 1 - 2. Suppose -9*c - 4 = 23. What is v(c)?
-8
Let d(g) = 5*g - 6. Let i(j) = -10*j + 5. Let c(k) = 9*k - 5. Let x(o) = -6*c(o) - 5*i(o). Let m(z) = 5*d(z) + 6*x(z). Calculate m(4).
4
Let w(c) be the first derivative of c**3/3 - c**2 - 2*c + 7. Let l(o) be the first derivative of -o**3/3 + o**2/2 + 3*o - 1. Let n be l(3). What is w(n)?
13
Let j(u) = -6*u**3 - 3*u**2 - 4*u - 1. Let l(h) = -12*h**3 - 7*h**2 - 9*h - 2. Let k(r) = 9*j(r) - 4*l(r). Give k(1).
-6
Let d be (-2)/(-4 - (-9)/2). Let q(l) = -3*l**2 + 6*l - 5. Let x(k) = -k**2 + k. Let b(i) = q(i) - 4*x(i). Let a be b(d). Let z(w) = w - 7. What is z(a)?
-4
Let w(y) be the second derivative of y**4/12 + 4*y**3/3 - 3*y**2 - 14*y. Determine w(-9).
3
Let p(k) = 39*k - 45*k - 5 + 3*k**2 - 3 - 2*k**2. Let i = 1 + 5. Determine p(i).
-8
Let b(m) = 3 - 5*m + 4*m - 5 - 2. Let v(q) be the third derivative of -q**3/6 - q**2. Let z(j) = b(j) - 5*v(j). Calculate z(-4).
5
Let a(y) = y - 1. Let w = -6 + 6. Let x = w - -1. Determine a(x).
0
Let t(j) = -j**2 - 4*j + 4. Suppose 9 = -2*l - 1. Calculate t(l).
-1
Let y(b) = b + 4. Let p be 0/(4/(-2) - -4). Let r(t) = -t - 3. Let o be r(-2). Let n be (o - 1/(-2))*p. What is y(n)?
4
Let f(b) = 7*b - 5. Let h(c) = -10*c + 7. Let i(g) = -7*f(g) - 5*h(g). Calculate i(-4).
-4
Let n = -7 + 7. Let i(z) = 4*z**2 + 39 + z - 54 - 3*z**2. Determine i(n).
-15
Let y be 8*(20/8 - 2). Let n(d) = -2*d - 2. Let h(v) = -5*v - 5. Let i(s) = -3*h(s) + 7*n(s). Give i(y).
5
Let x(q) = -q**3 + 5*q**2 - q + 4. Suppose -5*i + 67 + 8 = 0. Suppose -4*a + a = -i. Calculate x(a).
-1
Let y(j) be the first derivative of -j**3/3 + 7*j**2/2 - 5*j + 25. Determine y(4).
7
Suppose -2*u = 4*k - 4*u + 8, 4 = -3*k + 2*u. Let q(w) = 2*w - w - w - 4 - 4*w - w**2. What is q(k)?
-4
Let g(a) = 5*a**3 - 5*a**2 - 11*a - 33. Let l(p) = -3*p**3 + 3*p**2 + 4*p + 9 + 13 + 3*p. Let k(i) = 5*g(i) + 8*l(i). Suppose 0 = -3*w + w. What is k(w)?
11
Suppose g + 2*p = 2, 0*g = -5*g + 3*p + 10. Suppose 0 = 4*h - 16, -4*j + 2*j - 18 = -g*h. Let d(i) = i - 4 + 12 + 1. Give d(j).
4
Let s(m) be the second derivative of -m**3/3 + 2*m**2 - 2*m. Suppose 5*t = t + 20. Give s(t).
-6
Let l(m) = 5*m**2 + 8. Let i(k) = k**2 - k + 1. Let z(v) = 6*i(v) - l(v). Suppose 0 = -x - x, -5*x + 30 = 5*p. Determine z(p).
-2
Let j(h) = h**2 + 2*h + 2. Let b(n) = -n**3. Let m(a) = b(a) + j(a). What is m(-2)?
10
Let l be ((-6)/5)/((-6)/100). Suppose -v = 4*v - l. Let r be v/(-18) - (-80)/36. Let y(w) = -w**3 + 2*w**2 - 2*w + 3. Calculate y(r).
-1
Let l(h) = 5*h**2 + 7*h - 5. Let q(j) = -3*j**2 - 4*j + 2. Let v(a) = -4*l(a) - 7*q(a). Give v(0).
6
Let y(w) be the third derivative of w**4/12 - w**3/3 - 5*w**2. Calculate y(3).
4
Let k be (-1)/(18/(-4) - -4). Let g(x) = x**2 + 1 - x**2 + 0*x**2 + 3*x - x**k. Determine g(3).
1
Let m be (-1 - -1)/(1*2). Suppose m = 3*i - 2 - 10. Suppose 2*r + v = 2, i = 3*r - v + 1. Let l(k) = 7*k**3 + k**2. Determine l(r).
8
Let i(v) = v**3 - 3*v**2 + 4. Let o(q) = q**3 + 3*q**2 - q - 3. Let g be o(-3). Suppose -s + 2 + 1 = g. Determine i(s).
4
Suppose 0 = -s + 2, 4*s + 0*s - 23 = 3*n. Let v(a) = 4*a - 2 + a + 13*a**2 + 2*a - 12*a**2. Give v(n).
-12
Let c = 4 + -2. Suppose c*d + 4 = -4. Let r(u) = -u**3 - 3*u**2 + 5*u + 2. Give r(d).
-2
Let f = -26 + 25. Let x(j) = -4*j**3 + 1. What is x(f)?
5
Let d(h) = h**2 - h + 2. Suppose g + 1 = 2*g. Suppose -3 = 2*n + g. What is d(n)?
8
Suppose 0*o - 4*m = -2*o - 8, 8 = 2*o + 4*m. Suppose 5*f - f = o. Let d be f + (2 - 1) - -4. Let i(x) = -x**3 + 6*x**2 - 5*x + 7. Determine i(d).
7
Let d(h) be the first derivative of h**2/2 - 7*h + 1. Let r(u) = u**3 - u**2 - 2*u + 4. Let s be r(2). Determine d(s).
-3
Let d(v) = -v**3 + 4*v**2 - 3*v + 5. Suppose g = -2*r + 5*g + 22, 0 = -3*r - 4*g + 3. Give d(r).
-35
Let o(t) = 4*t - 7. Let d(q) = -5*q + 7. Let m be -2 - (0 + -3)*-1. Let f(y) = m*d(y) - 6*o(y). Give f(-5).
2
Let n(v) = v - 3. Let p = 7 + -10. Let d be p/(2 - 33/12). Calculate n(d).
1
Let b(t) = t**2 + 11*t - 15. Let q be b(-12). Let k(r) = -r + 2. Calculate k(q).
5
Let w(a) be the first derivative of 1/2*a**2 + 1 + a. Let h = 0 - 0. Calculate w(h).
1
Let r(f) = f**2 + 5*f + 3. Let x be r(-6). Let v be (-2)/x - (-33)/27. Let w(u) = 2*u**3 + u**2 - 2*u**3 + 3*u**3 - 2*u + 1. Give w(v).
3
Suppose -5*z + 15 = -i, 5*i = -3*z + 6 + 3. Let f(j) = -3*j**3 + 4*j**3 + 3*j - 6*j**2 - z*j**3 + 3*j**3. Give f(5).
-10
Let j(y) be the first derivative of -2*y - 1/12*y**4 - 1 - 1/3*y**3 - 3/2*y**2. Let w(k) be the first derivative of j(k). Calculate w(-2).
-3
Let k(r) = -6*r + 3. Let c(d) be the third derivative of -11*d**4/24 + 5*d**3/6 + 18*d**2. Let p = -1 - 4. Let b(i) = p*k(i) + 3*c(i). What is b(2)?
-6
Let r(c) = -3*c - 2. Let u(f) = f. Let x(d) = r(d) + 4*u(d). Calculate x(-2).
-4
Let h(d) = -d**3 + 11*d**2 - 10*d - 7. Let j = 102 - 92. Calculate h(j).
-7
Suppose -9 = -4*h - v + 4, 2*h - 14 = 2*v. Let u = 1 + h. Let q(g) = g - 6. What is q(u)?
-1
Let g(r) = 7*r. Let m be (3 + -4)*-3 - 2. Suppose 6*c + m = 5*c. What is g(c)?
-7
Suppose -5*v - 14 - 1 = 0. Let n = -3 - v. Let f(z) = -z + 8. Let b(s) = 2*s - 17. Let u(r) = 4*b(r) + 9*f(r). What is u(n)?
4
Let a(r) = -3*r**2 - 2*r**2 + 4*r**2 - 7*r + 2*r**2 + 3. Give a(5).
-7
Let a(b) be the second derivative of b**3/6 - 3*b**2 + 8*b. What is a(7)?
1
Let d(r) = -r**2 + 7*r - 2. Let g be 2/(-4)*(-48)/4. Give d(g).
4
Suppose -10 = 8*w - 18. Let f(v) = -8*v**2 + v - 1. Calculate f(w).
-8
Let n(d) = -1. Let m(r) = -r. Let k(g) = g**2 + 9*g + 9. Let u be k(-8). Let f(a) = u*n(a) + 6*m(a). Suppose v + 1 = -0. Determine f(v).
5
Let f(j) = 3*j - 9. Let x be f(-2). Let t(v) = v**3 + 16*v**2 + 14*v - 20. What is t(x)?
-5
Let s(c) be the first derivative of -c**2/2 + c + 11. Give s(-1).
2
Let y(h) be the third derivative of h**5/60 - 5*h**2. Determine y(1).
1
Let d(x) be the first derivative of 7*x**2/2 - 3*x - 7. Calculate d(2).
11
Let k be 4/3*(-3)/(-2). Suppose k = -0*j + j. Let f(x) = 0*x**2 + 1 + 8*x**3 + 0*x**j. Give f(-1).
-7
Let l(h) be the third derivative of 7*h**6/120 - h**3/6 + 2*h**2. Suppose 0 = -0*g - 5*g + 10. Suppose 11 = 5*b - g*x, -2*b - 3*x - x = 10. Determine l(b).
6
Let t(c) be the second derivative of c**3/2 + c**2 + c. Give t(-4).
-10
Let z be 8 - (0 - (-2 - -2)). Suppose -c + z = 3*c. Let o(u) = u**2 + 1 - u - 2*